der when 302 is divided by 271.
31
What is the remainder when 63 is divided by 2?
1
Calculate the remainder when 16439 is divided by 87.
83
What is the remainder when 11932 is divided by 17?
15
Calculate the remainder when 111 is divided by 7.
6
Calculate the remainder when 1142 is divided by 6.
2
What is the remainder when 278 is divided by 8?
6
Calculate the remainder when 220 is divided by 199.
21
What is the remainder when 315 is divided by 100?
15
What is the remainder when 390 is divided by 54?
12
What is the remainder when 314 is divided by 63?
62
What is the remainder when 1084 is divided by 227?
176
Calculate the remainder when 110 is divided by 39.
32
Calculate the remainder when 913 is divided by 299.
16
Calculate the remainder when 167 is divided by 53.
8
Calculate the remainder when 1474 is divided by 10.
4
What is the remainder when 26565 is divided by 216?
213
What is the remainder when 2563 is divided by 1276?
11
What is the remainder when 73 is divided by 5?
3
What is the remainder when 24 is divided by 20?
4
Calculate the remainder when 983 is divided by 34.
31
Calculate the remainder when 4232 is divided by 29.
27
Calculate the remainder when 252 is divided by 57.
24
Calculate the remainder when 36 is divided by 19.
17
What is the remainder when 301 is divided by 207?
94
Calculate the remainder when 299 is divided by 144.
11
What is the remainder when 358 is divided by 147?
64
Calculate the remainder when 245 is divided by 62.
59
Calculate the remainder when 175 is divided by 18.
13
Calculate the remainder when 1174 is divided by 3.
1
What is the remainder when 186 is divided by 18?
6
What is the remainder when 118 is divided by 37?
7
What is the remainder when 351 is divided by 22?
21
Calculate the remainder when 859 is divided by 7.
5
What is the remainder when 1029 is divided by 114?
3
What is the remainder when 694 is divided by 8?
6
What is the remainder when 605 is divided by 8?
5
What is the remainder when 778 is divided by 29?
24
Calculate the remainder when 148 is divided by 50.
48
Calculate the remainder when 35722 is divided by 229.
227
Calculate the remainder when 644 is divided by 190.
74
What is the remainder when 2067 is divided by 109?
105
What is the remainder when 516 is divided by 74?
72
What is the remainder when 127 is divided by 22?
17
Calculate the remainder when 436 is divided by 147.
142
What is the remainder when 5045 is divided by 10?
5
Calculate the remainder when 580 is divided by 65.
60
Calculate the remainder when 2181 is divided by 316.
285
Calculate the remainder when 78 is divided by 14.
8
What is the remainder when 2934 is divided by 105?
99
What is the remainder when 62 is divided by 33?
29
Calculate the remainder when 934 is divided by 289.
67
What is the remainder when 11474 is divided by 225?
224
What is the remainder when 20 is divided by 7?
6
Calculate the remainder when 7919 is divided by 17.
14
Calculate the remainder when 503 is divided by 130.
113
Calculate the remainder when 245 is divided by 81.
2
Calculate the remainder when 587 is divided by 146.
3
Calculate the remainder when 2851 is divided by 130.
121
Calculate the remainder when 375 is divided by 148.
79
What is the remainder when 97 is divided by 20?
17
What is the remainder when 95 is divided by 50?
45
Calculate the remainder when 67 is divided by 3.
1
Calculate the remainder when 102 is divided by 15.
12
What is the remainder when 1386 is divided by 44?
22
Calculate the remainder when 270 is divided by 53.
5
What is the remainder when 10955 is divided by 13?
9
What is the remainder when 7983 is divided by 23?
2
Calculate the remainder when 93 is divided by 13.
2
Calculate the remainder when 66 is divided by 30.
6
Calculate the remainder when 15499 is divided by 50.
49
What is the remainder when 70 is divided by 31?
8
Calculate the remainder when 5538 is divided by 61.
48
What is the remainder when 54 is divided by 23?
8
Calculate the remainder when 539 is divided by 3.
2
What is the remainder when 97 is divided by 41?
15
What is the remainder when 262 is divided by 174?
88
Calculate the remainder when 41 is divided by 11.
8
What is the remainder when 429 is divided by 10?
9
What is the remainder when 137 is divided by 89?
48
Calculate the remainder when 66 is divided by 17.
15
What is the remainder when 197 is divided by 191?
6
What is the remainder when 96 is divided by 17?
11
Calculate the remainder when 138 is divided by 100.
38
What is the remainder when 421 is divided by 21?
1
What is the remainder when 1360 is divided by 31?
27
What is the remainder when 347 is divided by 87?
86
What is the remainder when 365 is divided by 101?
62
What is the remainder when 112 is divided by 93?
19
What is the remainder when 31898 is divided by 50?
48
Calculate the remainder when 174 is divided by 7.
6
Calculate the remainder when 451 is divided by 38.
33
Calculate the remainder when 244 is divided by 135.
109
Calculate the remainder when 284 is divided by 11.
9
Calculate the remainder when 1296 is divided by 264.
240
What is the remainder when 28355 is divided by 204?
203
Calculate the remainder when 699 is divided by 245.
209
What is the remainder when 500 is divided by 35?
10
Calculate the remainder when 1805 is divided by 86.
85
What is the remainder when 39309 is divided by 24?
21
What is the remainder when 677 is divided by 31?
26
What is the remainder when 4977 is divided by 53?
48
What is the remainder when 196 is divided by 33?
31
What is the remainder when 142 is divided by 36?
34
Calculate the remainder when 553 is divided by 93.
88
What is the remainder when 35 is divided by 11?
2
What is the remainder when 307 is divided by 39?
34
What is the remainder when 898 is divided by 259?
121
What is the remainder when 71 is divided by 61?
10
Calculate the remainder when 252 is divided by 76.
24
What is the remainder when 16873 is divided by 118?
117
What is the remainder when 180 is divided by 91?
89
What is the remainder when 105 is divided by 55?
50
What is the remainder when 223 is divided by 181?
42
What is the remainder when 834 is divided by 27?
24
What is the remainder when 4332 is divided by 59?
25
Calculate the remainder when 119 is divided by 10.
9
What is the remainder when 60 is divided by 29?
2
What is the remainder when 721 is divided by 179?
5
What is the remainder when 1184 is divided by 79?
78
What is the remainder when 50 is divided by 24?
2
Calculate the remainder when 425 is divided by 13.
9
What is the remainder when 448 is divided by 119?
91
Calculate the remainder when 9491 is divided by 113.
112
What is the remainder when 717 is divided by 80?
77
What is the remainder when 10618 is divided by 4?
2
Calculate the remainder when 2884 is divided by 959.
7
What is the remainder when 389 is divided by 10?
9
Calculate the remainder when 136 is divided by 39.
19
What is the remainder when 173 is divided by 25?
23
Calculate the remainder when 756 is divided by 81.
27
What is the remainder when 321 is divided by 36?
33
Calculate the remainder when 1726 is divided by 91.
88
What is the remainder when 14330 is divided by 512?
506
What is the remainder when 231 is divided by 131?
100
Calculate the remainder when 196 is divided by 18.
16
What is the remainder when 108 is divided by 19?
13
What is the remainder when 386 is divided by 27?
8
What is the remainder when 114 is divided by 47?
20
Calculate the remainder when 400 is divided by 32.
16
Calculate the remainder when 39 is divided by 32.
7
Calculate the remainder when 6728 is divided by 153.
149
What is the remainder when 2022 is divided by 22?
20
What is the remainder when 6667 is divided by 9?
7
What is the remainder when 285 is divided by 75?
60
What is the remainder when 658 is divided by 83?
77
Calculate the remainder when 144 is divided by 128.
16
What is the remainder when 1089 is divided by 4?
1
What is the remainder when 43 is divided by 13?
4
Calculate the remainder when 453 is divided by 212.
29
What is the remainder when 1141 is divided by 191?
186
Calculate the remainder when 317 is divided by 46.
41
Calculate the remainder when 1124 is divided by 46.
20
What is the remainder when 692 is divided by 27?
17
Calculate the remainder when 114 is div